)/(3/(-5)). Suppose -4*r - 5*h + 126 = -0*r, 0 = -5*h + 10. Calculate the highest common divisor of q and r.
29
Suppose -280 = 2*v + 3*v. Let i be (v/6)/(1/(-12)). Let t(w) = -w**3 - 31*w**2 + w + 47. Let b be t(-31). What is the highest common divisor of i and b?
16
Let s(l) = -l**2 + 11*l + 26. Let g be s(20). Let q = -129 - g. Calculate the highest common factor of 25 and q.
25
Let h(c) = 3*c - 51. Let f be h(20). Calculate the greatest common divisor of 2 and f.
1
Let x = 28 - 20. Let k be 1 + (63 - (-7 + 7 + -8)). Calculate the greatest common divisor of x and k.
8
Suppose -3*t + y + 86 = 5*y, 2*t - 84 = 4*y. What is the highest common divisor of 4 and t?
2
Let f = 41 + -16. Let r = 18 + -11. Let v(s) = 38*s + 9. Let q be v(r). What is the greatest common divisor of f and q?
25
Let f be 7*((-10)/14 + 1). Let s be (9/(-2))/(5/(-40)). Suppose a - s = -a. What is the highest common factor of f and a?
2
Let c = -5 - -11. Let h be 56/(-6)*(-9)/c. Let k = -5 + h. What is the highest common divisor of k and 18?
9
Let z(r) = -r**3 - 6*r**2. Let u be z(-6). Suppose -2*m + 0*o + o + 18 = u, 22 = 3*m + o. Let p = m + 6. What is the greatest common divisor of 35 and p?
7
Let f(x) = 17 + 2*x**2 + x**3 + 13*x - 30*x**2 + 13*x**2. Let y be f(14). Calculate the greatest common divisor of y and 33.
3
Let r be 72/(-24) + 1 + 255. Calculate the greatest common factor of 22 and r.
11
Let r(h) = -6*h - 15. Suppose -32 + 7 = 5*b. Let k = b - 10. Let j be r(k). Calculate the highest common factor of 30 and j.
15
Let z be -3 - (-3 - -103)/2. Let n = 78 + z. Calculate the greatest common factor of n and 10.
5
Let q(l) = l**2 + 4*l - 8. Let t be q(-6). Suppose 7*x - 88 = 192. Suppose -t*j - j = -x. Calculate the greatest common divisor of 64 and j.
8
Let c(h) = -5*h + 24. Let i be c(4). Suppose i*n = 8*n - 192. Calculate the highest common divisor of 32 and n.
16
Suppose -78*a + 197776 = -31*a. Calculate the highest common factor of a and 16.
16
Let u = -1 - -13. Let g = 99 + -63. What is the greatest common divisor of u and g?
12
Let c be 0 + (3 - 6) - -378. Calculate the highest common divisor of 75 and c.
75
Let g = -4 - -10. Let t(v) = 15*v + 58. Let h be t(-4). Let c = h + g. What is the highest common factor of 4 and c?
4
Let i = 35 - 35. Suppose i = -4*o - 0*o + 48. What is the highest common factor of o and 132?
12
Let f(k) be the second derivative of k**4/3 - 2*k**3/3 + 3*k**2/2 + 3*k. Let r be f(3). Calculate the highest common factor of r and 72.
9
Let n be (24/(-60))/((-2)/10). Suppose -y = 5*d - 56, -4*y + n*y = 4*d - 46. What is the greatest common divisor of 1 and d?
1
Let c(y) = -y**2 + 4*y + 2. Let t be c(4). Let i = 52 + -50. Suppose -3*v - 4*f + 9*f = -16, -5*f - 6 = i*v. Calculate the greatest common divisor of v and t.
2
Let z = -41 + 43. Let f be (14/4 - z)*6. Calculate the highest common factor of f and 36.
9
Let g(o) = -o**2 + 2*o + 5. Let y be g(3). Let c be ((128/(-20))/y)/((-4)/230). Let h be (0 - (-46)/(-4))*-2. What is the highest common factor of c and h?
23
Let x be (62/(-3))/((-4)/(-6)). Let f = x - -58. What is the greatest common divisor of f and 9?
9
Let y be 621/(-6)*28/(-126). What is the greatest common factor of 736 and y?
23
Suppose -5*u + 133 = n, 4*u - 91 - 42 = -n. Let k = -10 + 29. Calculate the greatest common divisor of k and n.
19
Suppose 0 = 15*h - 74*h + 3304. Let r(i) = 2*i. Let f be r(4). What is the greatest common divisor of f and h?
8
Let d = 214 + -210. Calculate the highest common divisor of 8 and d.
4
Let q = -4 - -12. Suppose -5 + q = w. Suppose -5*f = 3*z - 216, -4*f + w*f = 2*z - 39. Calculate the greatest common factor of f and 9.
9
Suppose 0 = -6*f + 2*f + 4. Let k be ((-14)/(-8))/(f/4). Calculate the greatest common factor of 35 and k.
7
Let j(d) = d**2 - 18*d + 80. Let g be j(12). Calculate the greatest common factor of 472 and g.
8
Let s(l) = 2*l**2 + 6*l + 6. Let g be s(-3). Let i be g + -3 - 0/5. Calculate the greatest common divisor of 24 and i.
3
Let z be 549/(-61) + 0 + 239. What is the greatest common factor of z and 30?
10
Suppose 4*b + 40 = 2*d, -4*d - 5 = -7*d - 5*b. Suppose -m + 116 = 4*x, -5*m - 482 = -9*m + 2*x. Calculate the highest common divisor of d and m.
10
Suppose 374*l + 144 = 390*l. Let w be 2/9 + 806/18. What is the greatest common factor of l and w?
9
Let u be 6/(-27) + (76/18 - 4). Suppose 5*p - w - 15 = u, p - 3*w = -0*p + 17. Calculate the highest common factor of 8 and p.
2
Suppose 0 = u + 3*b - 0*b + 48, -3*u + 2*b - 111 = 0. Let d = u + 77. Calculate the greatest common factor of 57 and d.
19
Suppose 0 = 2*u - 2*p - 498, -5*p - 161 = -u + 96. Calculate the highest common divisor of 13 and u.
13
Let u(a) = -14*a**3 + a**2 + a - 2. Let s be u(1). Let n be (147/s)/(0 - (-2)/(-4)). What is the highest common divisor of 231 and n?
21
Suppose -4 = -3*y - 13, -5*m - 82 = -y. Let o be (1/1)/(1/m). Let g be (20 + o)*(-11)/(-3). Calculate the highest common factor of g and 11.
11
Let k = -1417 + 1780. What is the highest common divisor of 66 and k?
33
Let m = -4 + -5. Let s be 2/(24/m) - (-115)/4. What is the highest common factor of 42 and s?
14
Let y be (-7)/(-3 + (-4)/(-1))*-1. Let r be 229/y - (-8)/28. What is the highest common factor of r and 33?
33
Let n be 3 + 3 + -4 + 2. Suppose -n*l + 5*l - 166 = 2*g, 4*g + 308 = -4*l. Let v = g - -158. Calculate the highest common divisor of v and 7.
7
Suppose -z + 111 = 2*q - 0*z, 0 = -3*q - 4*z + 164. Calculate the greatest common divisor of 252 and q.
28
Let i = 889 - 469. Suppose 9*b - 14*b + i = 0. Calculate the highest common factor of 42 and b.
42
Let v(f) = -f**3 + 7*f**2 + 6*f + 24. Let q be v(10). Let m be (-2)/11 + q/(-99). Suppose m*t - 103 + 13 = 0. Calculate the greatest common factor of 15 and t.
15
Let c(n) = -4*n + 12. Let k(d) = d - 3. Let q(o) = -c(o) + 3*k(o). Let j be 2/3 + 28/3. Let z be q(j). Calculate the highest common factor of z and 7.
7
Let o(m) = 2*m**2 - 5*m - 4. Let x = 4 - 0. Let t be o(x). Let p be (t/(-4))/2*-21. Calculate the greatest common divisor of 168 and p.
21
Let k = -335 - -479. What is the greatest common divisor of k and 16?
16
Let w(p) = p**3 - 5*p**2 - 2*p - 21. Let f be w(6). What is the highest common factor of f and 159?
3
Let w be 309/27 - 12/27. Calculate the greatest common divisor of 33 and w.
11
Suppose 8 = -10*y + 68. Calculate the highest common divisor of 708 and y.
6
Let z(b) = -9*b + 5. Let g be z(-5). Let s be (2 - -14) + (24 - 15). Calculate the greatest common divisor of g and s.
25
Let d(m) = m**2 + m + 1. Let w(y) = 11 + 31 - y + 70. Let q(a) = -d(a) + w(a). Let o be q(0). What is the greatest common factor of 37 and o?
37
Let f(i) = -42*i - 11. Let o be f(-2). Calculate the highest common factor of o and 73.
73
Let c(f) = 21*f**3 + f**2 - f - 2. Let g be c(2). Let u be g - (0/5)/3. Calculate the greatest common divisor of u and 21.
21
Suppose 4*g - 171 = -19. Let c be 2 - ((-6)/2 - -1). Let x be 22 + 6*c/(-8). What is the greatest common factor of x and g?
19
Let l(s) = s**3 + 2*s**2 + 2*s + 1. Let q be l(-2). Let v be (-832)/(-12) - 2/q. Suppose 22 = 4*i - 34. What is the highest common divisor of v and i?
14
Let p(z) = -z**3 + 7*z**2 - 4*z + 1. Let g be (-6)/4 - 28/(-8). Let t be (g/4)/(1/12). Let n be p(t). Calculate the highest common factor of n and 104.
13
Let n(k) = k**2 + 5*k + 9. Let p = -16 - -20. Let f(z) = z**3 - 3*z**2 - 6*z + 2. Let s be f(p). Let i be n(s). What is the highest common factor of i and 5?
5
Let s = 1 + 3. Suppose -1056 = -s*h + 3*f - 0*f, -h + 281 = -5*f. Calculate the greatest common factor of h and 29.
29
Let a = -940 + 1096. Calculate the highest common divisor of a and 9.
3
Let s(m) = 8*m**2 + 1. Let g be s(-1). Let c(i) = i + 13. Let j be c(-6). Suppose -5*p - j + 12 = 0. Calculate the highest common factor of g and p.
1
Suppose 226 = 6*q - 362. What is the greatest common divisor of 98 and q?
98
Let q(u) = -3*u - 20. Let v be q(-8). Let n be ((-64)/7 + v)*(-28)/6. What is the greatest common divisor of 72 and n?
24
Suppose 3*v + 393 = 4*l, -4*l = 12*v - 16*v - 396. What is the greatest common divisor of 12 and l?
12
Let b(o) = -o**3 + o**2 - 2*o + 2. Let h be b(3). Let p = -25 - h. Let x(j) = -3*j + 1. Let y be x(p). What is the high